m(b) be the first derivative of 2*b**3/3 + 5*b**2 - 23*b + 5922. Give m(-7).
5
Let b(q) = -8*q + 90. Let p(c) = -c**3 + 116*c**2 - 452*c + 463. Let i be p(112). Give b(i).
-30
Let v be (-1 - 11)*(-6)/18. Suppose v*g = 5*g - 6. Let x(z) = 4 - 6*z + g*z + 2*z. What is x(3)?
10
Let z = -3 + -256. Let j = -259 - z. Let o(m) = -m**3 - m - 42. Calculate o(j).
-42
Let t(q) = 48*q**3 + 2*q**2 - q + 10. Let o(z) = 95*z**3 + 5*z**2 - 2*z + 25. Let x(h) = -2*o(h) + 5*t(h). Determine x(1).
49
Let t(v) = v**3 + 2*v**2 - 6*v - 5. Let x be t(-3). Suppose 5*d + 5*w - 11 - x = 0, -4*d - 2*w = -6. Let o(g) = g - 4. What is o(d)?
-4
Let i(c) = c**3 + 7*c**2 + 9*c + 6. Suppose a = -10*a - 33. Let r(d) = 2*d. Let n be r(a). What is i(n)?
-12
Let n(h) = h**2 + 5*h - 6. Suppose -3*w - 2*f + 77 = 0, 2*w - 6*f = -f + 26. Let z(a) = a**2 + 3*a + w*a + 8 - 15*a + 11. Let x be z(-3). Determine n(x).
-6
Suppose 18 = -3*h - 4*v, v = 2*h - 0*v + 12. Let i(z) be the first derivative of -z**3/3 - 3*z**2 - 8*z + 277. Give i(h).
-8
Suppose 16*r = 11*r + 30. Let b(v) = -v**3 + 9*v**2 - 13*v + 5. Let o be b(r). Suppose 9 - o = 4*y - 2*l, 0 = -4*y + 5*l - 23. Let g(h) = -h - 8. What is g(y)?
-1
Let a(x) = x**3 + x**2 + x - 5. Suppose -q = 3*i - 10, -3*i + 0 + 14 = 2*q. Suppose -w - 2*y + 0*y - 8 = 0, 4 = q*w - y. What is a(w)?
-5
Let j = -12 + 14. Let l(g) = 1 + g**2 - 2*g**2 - 4*g**2 + j*g**2. Let x be l(1). Let p(h) = -h**2 + 3*h + 1. Calculate p(x).
-9
Suppose m = -2*z - 27, -3*z + 5*m - 52 + 5 = 0. Let j = z - -18. Let s(v) = -j - 2*v**2 + 7 - 4*v + 7*v**2 - v**3 - 2. Give s(3).
7
Let n(l) = -206*l + 1245. Let q be n(6). Let a(v) = -v**2 - 10. Calculate a(q).
-91
Let u(f) = 3*f - 3. Suppose 9*p = 23 - 95. Let d(m) = -9*m + 8. Let k(z) = p*u(z) - 3*d(z). What is k(-3)?
-9
Let p(h) = 7*h**3 + 23*h**2 - 10*h - 23. Let b(m) = m**3 + 5*m**2 - 2*m - 1. Let x(y) = 6*b(y) - p(y). Calculate x(7).
3
Let r = -8 - -6. Let f(d) = -2*d + 10. Suppose -7*o + 80 = o. Let v(y) = 1. Let u(n) = o*v(n) - f(n). Give u(r).
-4
Let u(m) = 2*m + 7. Suppose -23 = -h - 3*g, -75 - 8 = -3*h + 5*g. Suppose -s = -2*n + h, -n = -5*s - 0*n - 85. Let d(k) = k + 11. Let x be d(s). Determine u(x).
-3
Let n be 9*(5 - (-86)/(-18)). Let b(o) = -o**3 - 9 + n*o**3 - 17 + 5*o**2 + 28. Calculate b(-4).
18
Suppose 4*t - o = 313, -3*t - 393 = -8*t + 3*o. Let n(y) = -75*y**2 - 5*y - 6 - t*y**2 + 152*y**2. Suppose 0 = -4*f + 2*k - 14, 3*f - 2*k + 9 = -0*f. Give n(f).
-6
Let h(q) = 10*q - 1183. Let l(a) = 20*a - 2556. Let b(f) = 13*h(f) - 6*l(f). What is b(-11)?
-153
Let b(q) = -4*q - 2. Let g be b(-1). Let j(p) be the first derivative of -p**2 + 2 + 22 - 2 + g*p - p. Give j(2).
-3
Let a(h) = -2*h + 6. Let f(i) = -5*i + 418 - 139 - 131 - 133. Let d(z) = -7*a(z) + 3*f(z). Determine d(7).
-4
Suppose -4*v = 217 - 129. Let a be 2/(-11) + (-4)/v. Let x be (-3)/(-5)*(-10 + a). Let c(w) = -w**2 - 6*w + 3. What is c(x)?
3
Let f be (-4)/10 - (-231)/(-35). Let x(a) = -5*a**2 - 39. Let k(c) = 2*c**2 + 19. Let o(n) = f*k(n) - 3*x(n). Suppose 3*r + 0*r = -2*r. What is o(r)?
-16
Let y(d) = 3*d + 1. Let p(o) = 2*o - 1. Let f(v) = -2*p(v) + 2*y(v). Suppose 0 = k - 4*a + 3*a + 14, 3*a = -k - 2. Give f(k).
-18
Let x be (10/(-4) + 2)/(26/52). Let i(l) = l**2 - 13*l + 9. Let y(p) = p. Let v(g) = x*i(g) - 4*y(g). Determine v(9).
-9
Let l(y) be the third derivative of 5*y**4/8 + y**3/6 - y**2. Let i(t) = 9579*t - 86207. Let d be i(9). Give l(d).
61
Let k = 138503 - 138504. Let i(v) be the first derivative of -3*v**2 + v - 2. Give i(k).
7
Let p(a) be the first derivative of -a**2/2 + 6*a - 1. Suppose -6*c + 11*c = 0. Suppose -7*i - 44 + 44 = c. Determine p(i).
6
Let y be (-30)/7*(-5)/25 + (-65)/84. Let r(v) be the second derivative of -y*v**4 + 37*v + 0 + 1/6*v**3 - 3/2*v**2. Determine r(-4).
-23
Let j(f) be the second derivative of -7*f**5/5 + f**4/6 - f**2 + 1180*f. What is j(-1)?
28
Suppose -4*f + 280 = 272. Let i be 4 + (f - -1) - 2. Let d(a) = a**3 - 4*a**2 - 4*a - 1. Calculate d(i).
4
Let g(d) be the first derivative of d**4/4 - d**3/3 - d**2/2 - d + 103. Let j(h) = 36*h**3 - 4*h**2 - 4*h - 5. Let b(u) = 4*g(u) - j(u). Give b(1).
-31
Let h(g) = g + 1. Suppose 3*b - 1 = 17. Suppose 2*q - b*f = -f - 8, 5*f = -2*q - 28. Calculate h(q).
-8
Let x(c) = -c**3 + 7*c**2 - 7*c + 9. Let h(d) = 49*d**2 - d - 1. Let i be h(-1). Suppose 2*r + 2*q + 135 = -r, -184 = 4*r + 4*q. Let g = i + r. What is x(g)?
3
Let y = -10162 - -10158. Let z(r) = 4*r - 3. Determine z(y).
-19
Let q(i) = -i**3 + 14*i**2 - 3*i + 2. Suppose 11*v + 26 = 182 - 2. Calculate q(v).
-40
Let b = 38249 + -38255. Let y(m) = 2*m + 11. Let f(c) = 2*c + 12. Let n(w) = 6*f(w) - 7*y(w). What is n(b)?
7
Suppose 2*w = -10, 0 = -3*a - 2*w - 0 + 2. Let n(s) be the third derivative of -1/12*s**4 + 0 + 5/6*s**3 + 0*s - 3*s**2. Calculate n(a).
-3
Let g be (-8)/(-3) - (-2)/(-3). Let u(s) = s**2 + 37*s + 288. Let n be u(-26). Let h(z) = -17 - z**2 + z**g + 21 - 9*z - z**n. Calculate h(-9).
4
Let a = -15 + 6. Let w be 2/(-6) - 12/a. Let c(h) be the third derivative of -h**5/10 + h**4/12 - h**3/6 - 34*h**2 - 3*h. Give c(w).
-5
Let c = 17127 - 17113. Let y(k) = k**3 - 14*k**2 - 2*k + 31. Give y(c).
3
Let j(h) = 13*h**3 - 35*h**2 + 18*h - 36. Let k(o) = 6*o**3 - 17*o**2 + 9*o - 17. Let d(b) = -5*j(b) + 11*k(b). Calculate d(11).
-29
Let v = 187 + -183. Let r(q) = 4*q**3 - 3*q - 7. Let u(a) = -a**3 - a**2 + 1. Let h(x) = -r(x) - 3*u(x). Calculate h(v).
0
Let g be (-8)/(-6) - (2/6 - 1). Let p(x) = -5*x + 0*x - x**g + 5 - 4*x + 2*x + x. Calculate p(-7).
-2
Let c = -206 + 208. Let f(r) = 17 + r + r**3 - 6*r**c + 33 - 43. Determine f(5).
-13
Let v(a) be the first derivative of -a**4/4 + 7*a**3/3 + 2*a + 183. Give v(8).
-62
Suppose 5 = 3*i - 4*i. Let c(q) = -q - 5*q**2 - 90279824 - 2*q + 90279825 - q**3. Calculate c(i).
16
Let t(o) = o**2 - 4*o - 12. Suppose -2*z - 2*q = -16, -3*z + 95*q - 93*q = -19. Calculate t(z).
9
Let a(s) = s**2 - s + 17. Let x be -1*((-1)/3)/(9/135). Suppose 5 = x*i + 5*o, -3*o = 13 - 1. Suppose 6*p = i*p - 3*p. What is a(p)?
17
Let p(x) = x**3 + 3*x**2 - x + 1. Let u(c) be the first derivative of 8 + 0*c + 1/4*c**4 - 1/2*c**2 - c**3. Let g be u(3). What is p(g)?
4
Let p(n) = -300*n - 80. Let h(y) = -7*y - 2. Let c(w) = 88*h(w) - 2*p(w). Determine c(0).
-16
Let r(u) be the third derivative of -u**4/24 + 8*u**3/3 + 2163*u**2. Give r(-9).
25
Let w(u) be the third derivative of 17*u**4/24 + 2*u**3/3 - 5*u**2. Let a be w(-3). Let i = a - -45. Let t(c) = -c. Give t(i).
2
Let a(g) = g**2 - 25*g - 263. Suppose 6*y + 231 = 3*y + 10*y. Give a(y).
1
Let t(i) = -i**2 + 6*i + 11. Let s(j) = 9*j - 82. Let q be (52 - 51)/(2/20). Let r be s(q). Give t(r).
-5
Let l(q) be the third derivative of -q**4/24 - q**3/3 + 31*q**2 + 20*q. Calculate l(-12).
10
Suppose -188*z + 185 + 525 = -117*z. Let v(g) = 3*g**2 + 16*g + 27. Let a(l) = -l**2 - 8*l - 14. Let m(h) = 5*a(h) + 2*v(h). Calculate m(z).
4
Let i(u) = 5 - u**3 + 3*u + 0*u**3 + 0*u**2 - 3*u**2. Suppose -8*n = -4833 + 4865. Give i(n).
9
Let t(a) be the first derivative of -a**2/2 - 15*a - 2. Let w be (-10)/12 + (5 - (-790)/(-60)). Give t(w).
-6
Let l(c) = -13*c + 1. Let r(j) = 19*j - 249. Let t be r(13). Calculate l(t).
27
Let x(k) be the third derivative of k**6/60 - k**5/20 - k**4/24 + k**3/3 - 97*k**2 + 9. Let n(p) = p - 2. Let h be n(4). Calculate x(h).
4
Suppose -20 = -5*m, -4*f + 3*m = -2*f + 48. Let w(r) = 18*r + 316. Calculate w(f).
-8
Let g(f) = 4 + 2 + 3 - f**2 - 7. Suppose -3*h - v + 2 = -2*v, 4*h = -v + 12. Calculate g(h).
-2
Let c(u) = 45*u**2 - 5*u - 1. Let t(k) = 42*k**2 - 6*k - 1. Let o(m) = -6*c(m) + 5*t(m). Give o(1).
-59
Let d(h) be the first derivative of -h**3/3 - h**2/2 - 2*h - 3. Suppose -5*t + 4 = -3*t. Suppose 5*j = 15, 0*z - 11 = -t*z - 5*j. Give d(z).
-4
Let m(h) = h**3 - 5*h**2 - 4*h + 1. Let k(n) = n**3 + 2*n**2 - 8*n + 6. Let w(v) = v**3 - 6*v**2 - 14*v - 16. Let f be w(8). Let d be k(f). Give m(d).
13
Let v(j) = 29*j + 200. Suppose 407 + 723 = -209*g - 333. Determine v(g).
-3
Let y(o) = o**3 + o**2 - o + 1. Let i(v) = 3*v**3 + 8*v**2 - 5. Let t(b) = i(b) - 2*y(b). Suppose 0 = -137*d - 852 + 167. What is t(d)?
8
Suppose 45*p = 39*p - 2898. Let x = p - -485. Let c(w) = -w**3 - w**2 + w + 1. Calculate c(x).
-9
Let i(n) = -4*n